ed by 1/4 - 133/(-28)?
4
Let m be (-4)/(-8) + (-34)/4. Let d be (12/m)/(1/6). Let n = d - -33. What is the remainder when 93 is divided by n?
21
Let h = -119 - -149. Calculate the remainder when 101 is divided by h.
11
Suppose -f + 27 = 9. Let s = 9 + f. Calculate the remainder when s is divided by 14.
13
Let k(g) = -g**2 + 16*g - 8. Let l = 11 + 4. Let x(m) = 2*m - 3. Calculate the remainder when x(7) is divided by k(l).
4
Suppose 4*h - 19 - 17 = 0. Suppose 21 = -3*v - 2*y - 2*y, -5*y - 7 = v. Let d = -1 - v. Calculate the remainder when h is divided by d.
3
Calculate the remainder when (0 + 312/10)/(204/4760) is divided by 73.
71
Calculate the remainder when (-4)/(-22) - (15372/(-33) + 4) is divided by 79.
67
Let s(n) = 1. Let c(q) = -q**2 - 4*q - 11. Let w(g) = -c(g) - 6*s(g). Let v = -432 - -440. Calculate the remainder when w(-8) is divided by v.
5
Suppose -3*p = 5*d - 80, -4*p - d + 86 = -15. Calculate the remainder when 106 is divided by p.
6
Let c(v) = 10*v**2 + 233*v - 4. What is the remainder when c(-24) is divided by 35?
24
Let u be (-54)/(-12)*(-16)/(-6). Suppose -a + 5*w + u = -3*a, 0 = -2*a - w + 4. Calculate the remainder when 63 is divided by (-1 - 0)/(a/(-64)).
15
Let a = 37 - 52. What is the remainder when 21 is divided by (a/(-9))/((-3)/(-9))?
1
Let y(z) = -z**3 - 8*z**2 + 7*z - 20. Let s be y(-9). Let l = s - -4. What is the remainder when 1/4*2*14 is divided by l?
1
Let y(s) = s**3 + 7*s**2 - 2*s + 1. What is the remainder when 87 is divided by y(-7)?
12
Suppose -y - 5 = -2*y. Suppose -2 = y*d - 52. Suppose 0 = 2*t + 4*v - 14, -5 = -3*v + 1. What is the remainder when d is divided by t?
1
Calculate the remainder when 150 is divided by 9/45 + (-399)/(-5).
70
Let b(d) = -16*d**3 - 1. Suppose -6*u = 37 - 1. What is the remainder when b(-1) is divided by (-2)/u*(-351)/(-13)?
6
Let a = -507 + 847. Calculate the remainder when a is divided by 49.
46
Let a = 295 + -282. What is the remainder when 490 is divided by a?
9
Suppose f + 5*p + 340 = 6*f, 132 = 2*f - p. What is the remainder when f is divided by (268/(-938))/((-1)/4 + (-292)/(-1232))?
20
Let z(s) = s**3 + 13*s**2 + 8*s + 56. What is the remainder when z(-7) is divided by 12?
6
Let c = 590 + -437. Calculate the remainder when c is divided by 36.
9
Let n = -105 + 110. Suppose 3*w - 168 = n*t, 2*t + 0*t + 261 = 5*w. Calculate the remainder when w is divided by 13.
12
Let d(k) = -k**3 - 2*k**2 - 3*k + 4. Let t be d(-3). Suppose 4*j - z = -3*z + 38, 4*j = 4*z + 44. Let o = j + t. What is the remainder when 62 is divided by o?
30
Suppose 5*j - 3*l + l - 12 = 0, 2*l - 8 = 0. Suppose 47 = 2*y + 5*s, 0 = 6*y - y + j*s - 75. Calculate the remainder when 42 is divided by y.
9
Suppose 0 = 3*o + 3, -7*t - o = -8*t + 307. Calculate the remainder when t is divided by 98.
12
Suppose 3*z - 2*i - 5 = 14, -10 = -z - 3*i. Suppose -50 = -2*x - h, 3*x - h + 5*h - 75 = 0. Calculate the remainder when x is divided by z.
4
Let w(v) = 48*v - 1. Let c be w(1). Let n = -29 + c. Let f(i) = i**2 - 13*i + 4. Calculate the remainder when f(-3) is divided by n.
16
Let d = 7 - 2. Let m(n) = -2*n + 11. Let o be m(d). Calculate the remainder when 25 is divided by 1 - o - 104/(-8).
12
Let a(s) = -9*s - 4. Let b(i) = i**2 - 13*i + 26. Suppose -4*w + 12 = -40. What is the remainder when a(-6) is divided by b(w)?
24
Let u = 6 + 14. Suppose 0 = -c + 6*r - 4*r + 5, u = c + r. Calculate the remainder when 56 is divided by c.
11
Let m = 76 - -7. Suppose 0 = -3*z + 2*f + 53, 0 = 5*z + 5*f + 29 - 159. Calculate the remainder when m is divided by z.
20
Let q = -2515 + 2632. What is the remainder when q is divided by 25?
17
Suppose -5*c - m + 272 = -221, -2*c = 5*m - 211. Let w = c + -80. What is the remainder when 70 is divided by w?
16
Suppose 14*o - 1934 = -100. Calculate the remainder when o is divided by 65.
1
Let b = -47 + 51. What is the remainder when 17 is divided by (-1 + b)*3 + -3?
5
Let a(n) = 4*n**2 + n - 3. Let x be a(-2). Suppose -x - 376 = -9*b. What is the remainder when 170 is divided by b?
41
Suppose -c = 8 - 3, 90 = -5*a - c. Let s = 33 + a. Calculate the remainder when 45 is divided by s.
13
Let n(f) = -f**2 - f + 6. Let z be n(-3). Suppose -13 = -z*s - s. What is the remainder when 25 is divided by s?
12
Suppose i + 22 = 13. Let h = i - -11. What is the remainder when h is divided by 2/6 - 4/(-6)?
0
Let i = -601 - -663. What is the remainder when 189 is divided by i?
3
Suppose -5*u + 34 = 4*p, -8 = -6*u + 4*u - 3*p. Suppose 41*x = 43*x - 178. What is the remainder when x is divided by u?
9
Suppose 5*o - 86 = -r + 49, 0 = -o + 5*r + 1. What is the remainder when 1*(100 + 0 - -1) is divided by o?
23
Suppose -4*h + 77 = -3*n - 9*h, 28 = -n - 4*h. Let o = -17 - n. What is the remainder when ((-156)/(-36))/(2/12) is divided by o?
5
Let f(j) = 28*j. What is the remainder when f(3) is divided by 5?
4
Let f be 1/((-2)/(-8)*4). Suppose 0 = 3*r, 19 = v - 2*v + 2*r. Let m = f - v. Calculate the remainder when 39 is divided by m.
19
Suppose k - 3*x - 464 = 0, -5*k + x + 2*x = -2260. Suppose -10*n + k = -21. What is the remainder when n is divided by 8?
7
What is the remainder when 90 is divided by 0*(-10)/(-60) + 39?
12
Let o be (((-1008)/(-30))/(-7))/(6/(-40)). Suppose o*s - 128 = 28*s. What is the remainder when 223 is divided by s?
31
Let o = 1689 - 1545. Calculate the remainder when o is divided by 32.
16
Let f(i) = i**2 + 12*i + 1. Let g be (-2)/6*0 + 79. Suppose 2*o + 3*o - 56 = -n, -2*n + g = -o. Calculate the remainder when n is divided by f(-13).
13
Let n(d) = 6*d**3 - 2*d**2. Let k be n(2). Let y = 70 - k. Calculate the remainder when y is divided by 13.
4
Let p(j) = -j**2 + 9*j - 4. Let w be p(8). Suppose -w*z = -z - 6. Suppose -z*u + 60 = u. Calculate the remainder when 79 is divided by u.
19
Suppose 511 = 36*d - 317. What is the remainder when 27 is divided by d?
4
Suppose 5*c - 295 = -5*z, 6*z = 8*z + 5*c - 133. Calculate the remainder when 172 is divided by z.
10
Suppose z - 4*l = 10 - 3, -5*l + 5 = 0. Let y be (4/5)/(14/35). Suppose 57 = -y*f + 5*f. Calculate the remainder when f is divided by z.
8
Suppose 4*g + 5*t = 16 + 11, -16 = -2*g - 2*t. Calculate the remainder when 28 is divided by g.
2
Let k(y) = 33*y + 2. Let i be k(3). Suppose 23 - i = 3*g. Let p = -18 - g. Calculate the remainder when 12 is divided by p.
4
Suppose 2*f - 29 = 1. Let x(h) = -14*h. Let c = -5 + 2. Calculate the remainder when x(c) is divided by f.
12
Suppose 16 = 5*z + 3*q, 0 = -5*z - 0*q - 4*q + 13. Suppose 4*s - 77 = 4*t - 25, z = -t. Let r = s + -3. What is the remainder when 8 is divided by r?
3
What is the remainder when 241 is divided by (6/21)/(4/868)?
55
Suppose 3*w + p - 172 + 15 = 0, -p - 161 = -3*w. Calculate the remainder when w is divided by ((-9)/6*(-4)/6)/((-9)/(-63)).
4
Suppose -x = -3*u - 55, 5*u + 50 = 5*x - 195. Let k = 33 + -22. Suppose -5*b - 72 = -k*b. What is the remainder when x is divided by b?
10
Calculate the remainder when 54 + -40 + 1*-3 is divided by 2.
1
Let k(p) = -p**3 - 6*p**2 - 9*p - 17. Calculate the remainder when 144 is divided by k(-6).
33
Suppose -2*w - c + 34 = 0, -2*c + 20 = 3*c. Suppose k + 2 = w. What is the remainder when 50 is divided by k?
11
What is the remainder when -3*11208/54*(-9)/6 is divided by 85?
84
Let y(s) = s**3 + 15*s**2 + 30*s + 100. Calculate the remainder when 140 is divided by y(-13).
44
Let x(b) = -b + 6. Let s be x(4). Suppose 3*q + 63 = -s*q - 3*j, 5*j + 29 = -2*q. Let a = 29 + q. Calculate the remainder when 50 is divided by a.
16
Let h be 96/(-18) - -5 - 2/(-6). Suppose -5*o = -5*j - h*o, -4*o + 20 = j. What is the remainder when 11 is divided by j?
3
Let w = -12 + 36. Calculate the remainder when 117 is divided by (0 - w/14)/(2/(-28)).
21
Let c(a) = a**2 + 5*a + 2. Let y be c(-3). Calculate the remainder when 44 is divided by 2/(y + 2) + 16.
14
Suppose -4*l = -4*x + 56, 0 = 5*x + 17*l + 17 - 21. Suppose 77 = 3*v - 43. What is the remainder when v is divided by x?
7
Suppose 0 = -5*f + 3 - 8. Let o(m) = 8*m**2 + 3*m + 1. What is the remainder when 9 is divided by o(f)?
3
Let x = 1371 - 1271. Calculate the remainder when x is divided by 13.
9
Let j = 5 - 31. Let n = j - -55. What is the remainder when 114 is divided by n?
27
Suppose 3*h - 5*o - 3